 What are the prime factors of r?
2
Let p(y) = 3*y**2 - 2*y - 5. Let b be p(4). Let q = 656 - 652. Suppose -128 = -4*k - 2*v, 5*v - q*v + b = k. List the prime factors of k.
3, 11
Let z(s) = -s**2 - 15*s + 15. Suppose 3*t + 5*k + 48 = 0, 2*k = 5*t - k + 46. List the prime factors of z(t).
59
Let y = -71 + 76. Suppose 2*m - 4*n + 213 = 5*m, y*n = -m + 60. List the prime factors of m.
3, 5
Let m(r) = 2*r - 12. Let q be m(7). Let a = 10 + -9. Suppose u = q*u - 5*z - a, 3*u + z = 19. What are the prime factors of u?
2, 3
Suppose 2*f + 3*d + 14 = 4, 0 = -4*f - d - 20. Let u be (460/25)/((-2)/f). What are the prime factors of u + (-16)/(-2 + 6)?
2, 3, 7
Suppose 6411 = 12*a - 7389. What are the prime factors of a?
2, 5, 23
Let g(j) = 38*j**2 + j - 69. List the prime factors of g(6).
3, 5, 29
Let w = -96 + 107. Suppose 0 = w*t + t - 972. What are the prime factors of t?
3
What are the prime factors of 9/12 - (-6450)/40?
2, 3
Let r = 5 - 2. Suppose 0 = -2*b - 4*m - 16, r*b + 0*m - m = 11. Suppose b*q = 4*q - 8. List the prime factors of q.
2
Let a = 3 - -3. Let s(j) = -2*j. Let n be s(a). Let b = n + 20. List the prime factors of b.
2
Let r = 3396 + -1830. List the prime factors of r.
2, 3, 29
Let f be (-4)/(-30) + 49472/(-240). Let l = -40 - f. What are the prime factors of l?
2, 83
Let i be (-4)/(16/(-12))*1. Suppose -4*s = -2*h - 8, i + 21 = 3*h + 3*s. List the prime factors of (h - 2)*30/4.
3, 5
List the prime factors of (-32235)/30*32/(-28).
2, 307
Let l = 869 + -566. List the prime factors of l.
3, 101
Let x be (-4)/(-6) + 5260/30. Let p = x - 72. List the prime factors of p.
2, 13
Let l(z) = 164*z**3 + z**2 + z - 1. Let w be l(1). Suppose 3*a = 2*a - w. What are the prime factors of (-4)/3*a/10?
2, 11
Let s = 1766 + -1117. What are the prime factors of s?
11, 59
Let b = -30 - -1123. What are the prime factors of b?
1093
Suppose -2*v + 13 = 3. Suppose -4*m - 6 = 6, 0 = -3*u - v*m + 345. List the prime factors of u.
2, 3, 5
Let z(r) = 18*r + 2. Let m(d) = 6*d**2 + d + 1. Let a be m(-1). Let g be z(a). Suppose 5*f = -2*w + g, -f - 144 = -3*w + 2*f. What are the prime factors of w?
2, 5
Let z(w) = w + 2. Let u be (-24)/16 - 1/(-2). Let o be z(u). List the prime factors of ((-42)/(-18))/(o/9).
3, 7
Let w = -49 - -17. Suppose 0 = -s + 4*p - 14 - 8, -2*s = -2*p + 32. Let x = s - w. What are the prime factors of x?
2, 3
Let z = 10 + -11. Let g be 3/z - (-6 + -2). What are the prime factors of 504/35 - 2/g?
2, 7
Suppose -2*m - 34 = 3*x, 2*x - 1 = -x + 5*m. Let h = -23 + -8. Let t = x - h. What are the prime factors of t?
23
Suppose s - 1071 = -n, -8*s + 4*s - n + 4299 = 0. List the prime factors of s.
2, 269
Let z(x) = -x**3 + 14*x**2 + 15*x + 3. Let s be z(15). Suppose 3*o - 48 - 83 = -5*n, 3*o = -s*n + 141. Let u = -25 + o. List the prime factors of u.
3
Suppose 5*z + 5*a - 945 = 0, -a = -2*z + 2*a + 358. Let f = z + -125. List the prime factors of f.
2, 3, 5
Let x = -31 - -25. List the prime factors of 4/(-6) + (-712)/x.
2, 59
Let o(p) be the first derivative of 10*p**3/3 + 2*p**2 + 2*p + 1. Let c be o(4). What are the prime factors of (-30)/45 - c/(-6)?
29
Suppose 0 = -38*j + 39*j - 2220. What are the prime factors of j?
2, 3, 5, 37
What are the prime factors of (2 + (-3)/(-6))*2928/15?
2, 61
Let y = 14 + -8. Let i = 23 - y. Suppose -t + r + i = -2*r, -5*t - r + 133 = 0. List the prime factors of t.
2, 13
Let c = -523 - -220. What are the prime factors of (-25)/(-10) + c/(-2)?
2, 7, 11
Let o = -11 - 59. Let x = -45 - o. List the prime factors of x.
5
Let b = 9 - 34. Let k be (2 + 1)/(-3) - b. List the prime factors of 18/k - (-170)/8.
2, 11
Let x = -942 - -1425. List the prime factors of x.
3, 7, 23
Suppose -3*q = q + 40. Let f be (5/q)/((-1)/6). Suppose -2*i = -131 - f. List the prime factors of i.
67
Let i(t) = 5*t**2 - 6*t + 7. Let r be (-22)/(-7) + (-16)/112. List the prime factors of i(r).
2, 17
Let p(b) = 145*b**2 - 8*b - 20. What are the prime factors of p(-4)?
2, 11, 53
What are the prime factors of ((-16)/(-32))/((-3)/2)*-1389?
463
Suppose 2975 = 7*f - 0*f. What are the prime factors of 4/10*(f + 5 - 0)?
2, 43
Suppose 3*k + 9 = 0, 2*j + 0*j + 4*k - 78 = 0. Let u be 24*(-3 - j/(-12)). What are the prime factors of (-1 - -3) + u + -1?
19
Suppose -3399 = -32*f + 27*f + 4*s, -3*s = -12. What are the prime factors of f?
683
Let a(x) = -8*x - 2. Let p be a(-5). Suppose 0 = y - 15 - p. What are the prime factors of y?
53
Let j(f) = -2*f**2 + 13*f + 564. List the prime factors of j(0).
2, 3, 47
Let z(b) = -b**3 + 43*b**2 - 10*b - 79. List the prime factors of z(41).
13, 17
Suppose -4*c + 3*i = 26, 27 = -2*c - 3*c + i. Let r(l) = l**2 + 4*l - 2. What are the prime factors of r(c)?
3
Suppose -1 = -r + 3. Suppose 267 = 4*f + 3*u, -r*u + 110 + 26 = 2*f. List the prime factors of f.
2, 3, 11
Let z = 17 - 10. Suppose 3*b - z = 2. Let y = 6 - b. List the prime factors of y.
3
Let g(s) = s**2 + 25*s - 9. Let v be g(-28). Let y(b) = -41*b**3 + 2*b - 1. Let u be y(1). Let a = u + v. What are the prime factors of a?
5, 7
Suppose -424 + 112 = -c + 3*t, -4*c = 3*t - 1233. List the prime factors of c.
3, 103
Suppose j + 78 = -3*i, j = 5 - 2. Suppose -5*z = -5*b + 4*b + 13, -3*z - 12 = 0. Let y = b - i. List the prime factors of y.
2, 5
Suppose 49*w + 10770 = 75352. What are the prime factors of w?
2, 659
Suppose -7*h + 393 = -1448. Suppose h = 9*s - 664. List the prime factors of s.
103
Let s(p) = p + 8. Let d(o) = -3*o - 33. Let i(c) = -4*d(c) - 18*s(c). List the prime factors of i(-20).
2, 3
Let n(a) = 8*a - 3. Suppose 4*q - 10 = -2*s - 0*s, 2*s + 2*q = 8. Let p be n(s). Let j = 4 + p. List the prime factors of j.
5
Suppose -g = 2*l - 3649, l + 4 = g + 1821. What are the prime factors of l?
2, 911
Let f be 18/8*3*4. Let g = 9 + 1. Let i = f - g. What are the prime factors of i?
17
Let y be -3*(75/(-9))/5. Let i(w) = w**2 + 10. Let j be i(y). List the prime factors of (-222)/(-10) + (-7)/j.
2, 11
List the prime factors of -1730*(0 - 6/15).
2, 173
Let l(j) = 91*j + 59. Let a be l(7). Let g = a + -474. What are the prime factors of g?
2, 3, 37
Suppose -4*t + 5*b = 24 - 205, 5*b + 137 = 3*t. Let s = -35 + 60. Let c = t - s. List the prime factors of c.
19
Suppose 670 = d - 4*j, -5*d = -7*d + 3*j + 1360. What are the prime factors of d?
2, 7
Suppose 857 = 24*m - 4663. What are the prime factors of m?
2, 5, 23
Suppose 3*z = 166 + 344. List the prime factors of z.
2, 5, 17
List the prime factors of 4/2 + 223 + (-3 - 2).
2, 5, 11
Let m = 5 - -1. Let f be (2 + -1)/(m/30). Suppose -f*z - 90 = -10*z. List the prime factors of z.
2, 3
Let z(n) = -n**3 + 4*n**2 + 2*n - 6. Let y be z(4). Suppose -2 = -y*m, 5*x - x - 12 = 4*m. List the prime factors of x/(-12) - 7/(-3).
2
Suppose -4*n + 2*r = 12, -3*r = 2*n - 3*n - 13. List the prime factors of n*((-355)/20 + 3/(-12)).
2, 3
Let k = 222 - -1083. What are the prime factors of k?
3, 5, 29
Let f(b) = b**3 - 13*b**2 - 13*b - 10. Let r be f(14). Let q = -4 + r. Suppose q = 4*a - 5*j + 10 - 2, -3*j + 24 = 4*a. What are the prime factors of a?
3
Suppose -2*g + 5*k + 2630 = 0, 0 = -3*g + 6*k - 7*k + 3928. What are the prime factors of g?
2, 5, 131
Let t = 442 - -350. What are the prime factors of t?
2, 3, 11
Suppose 5*q - 628 = -2*f, 0*f - 4*f + 122 = q. Let d(v) = -v**2 - 2*v + 2. Let g be d(0). Suppose 3*u - 45 = -g*y + 2, u + q = 5*y. List the prime factors of y.
5
Suppose 5*c - 37 = -7. Let v(w) = -3*w - 1. Let u be v(1). Let r = u + c. List the prime factors of r.
2
Let b = 710 + -709. Let o(n) = 15*n**2 - n. Let c(w) = -15*w**2 + w. Let x(v) = -3*c(v) - 2*o(v). What are the prime factors of x(b)?
2, 7
Suppose 0 = 26*z - 23*z - 300. Suppose 4*f + 4*r - z = 0, r = -2*r. List the prime factors of f.
5
Let v = 43 - 35. Suppose 2*h + 4 = v, 163 = 3*f - 4*h. What are the prime factors of f?
3, 19
Suppose 164*v = 144*v + 25440. List the prime factors of v.
2, 3, 53
Let x(o) = -2*o**2 + 4*o - 2. Let g be x(1). Suppose -u + 673 = 5*y, -3*y + 415 = -5*u - g*u. What are the prime factors of y?
3, 5
Let w be 1/((0 + (-2)/30)*-3). Suppose w*l + 4*u = 231, -50 - 94 = -3*l + 3*u. What are the prime factors of l?
47
Let y(u) = -3*u + 38. Let i(l) = -5*l + 57. Let d(a) = -5*i(a) + 8*y(a). What are the prime factors of d(8)?
3
Let r(u) = 3*u